se 12, what is 2 + 277?
279
In base 6, what is -451 + 2?
-445
In base 10, what is 0 - 3102?
-3102
In base 2, what is 1011010 + 1010?
1100100
In base 5, what is 31 + 12401?
12432
In base 7, what is -20201 + 11?
-20160
In base 14, what is -a2 - -3?
-9d
In base 6, what is -323 + 3?
-320
In base 13, what is 13c + -c?
130
In base 11, what is -174 + -4?
-178
In base 2, what is -11 - -101010?
100111
In base 14, what is 108c + 4?
1092
In base 14, what is 223 - -3?
226
In base 4, what is -1231 - -11?
-1220
In base 15, what is 14 - -1ac?
1c1
In base 2, what is -11 + 110100110000?
110100101101
In base 8, what is 224 - -21?
245
In base 4, what is -12 - 223311?
-223323
In base 6, what is -20532 + 1?
-20531
In base 15, what is 19 + -18c?
-173
In base 16, what is -3 + -6a?
-6d
In base 6, what is -41 - -10?
-31
In base 13, what is 4 + 2b41?
2b45
In base 11, what is -38 - 2aa?
-337
In base 12, what is 1 - 3?
-2
In base 3, what is 110211 - -20?
111001
In base 15, what is 1 - 1e6?
-1e5
In base 16, what is 2 + -c8?
-c6
In base 4, what is -32 + -3332?
-10030
In base 14, what is 1012 + -5?
100b
In base 6, what is 531 - -5?
540
In base 13, what is -1121 + -3?
-1124
In base 11, what is 0 + 1a9?
1a9
In base 11, what is -14 - 8?
-21
In base 5, what is -4 + -43?
-102
In base 13, what is 1a - -5?
22
In base 8, what is 5226 + 3?
5231
In base 14, what is -19b - 1?
-19c
In base 6, what is 142 - 413?
-231
In base 12, what is 27 + -7?
20
In base 8, what is -23556 + -4?
-23562
In base 7, what is -134 + 0?
-134
In base 3, what is -22 + -2020?
-2112
In base 12, what is 3 - -17?
1a
In base 11, what is -130 - -4?
-127
In base 16, what is 1 - -2f4?
2f5
In base 3, what is 11 + 22?
110
In base 2, what is 11 + 1101101?
1110000
In base 12, what is 399 - 4?
395
In base 10, what is 1103 - 2?
1101
In base 12, what is 37 - -9?
44
In base 3, what is 10 + 2011?
2021
In base 14, what is -9 - -34?
29
In base 8, what is -7 + -110?
-117
In base 2, what is 111100 + -101?
110111
In base 2, what is 101 + 11001100?
11010001
In base 6, what is 114450 - 2?
114444
In base 9, what is -3 - -27?
24
In base 16, what is 2 - 497?
-495
In base 12, what is 6 + -1?
5
In base 4, what is -2 - -112?
110
In base 9, what is 14 + 38?
53
In base 2, what is 10101 + 111?
11100
In base 12, what is -2 - -40?
3a
In base 7, what is -5 - -2265?
2260
In base 13, what is -1 - 16?
-17
In base 10, what is -8 + 237?
229
In base 10, what is 8 - -24?
32
In base 15, what is 2043 - -2?
2045
In base 3, what is -10 + -1210022?
-1210102
In base 9, what is -3 - 1?
-4
In base 12, what is -3 - -72?
6b
In base 4, what is -101 + -10?
-111
In base 9, what is -68 - 14?
-83
In base 11, what is 223 + 1?
224
In base 13, what is -136 - -2a?
-109
In base 13, what is 17 - -21b?
235
In base 13, what is -1 + 2a?
29
In base 2, what is 101000101 + 10?
101000111
In base 14, what is -243 + -2?
-245
In base 9, what is 11602 + -5?
11586
In base 8, what is 702 - 4?
676
In base 7, what is 6 + 320?
326
In base 10, what is 623 - -2?
625
In base 9, what is 2066 - -1?
2067
In base 9, what is -1 + 118?
117
In base 11, what is 2244 - 3?
2241
In base 6, what is 245 - -5?
254
In base 14, what is 0 + -26c?
-26c
In base 2, what is -1110011 + 110?
-1101101
In base 9, what is -46212 + 1?
-46211
In base 6, what is -14524 - -2?
-14522
In base 7, what is 144 + -3?
141
In base 3, what is 111 - 212?
-101
In base 11, what is -36 - 2?
-38
In base 11, what is 3 - 3a86?
-3a83
In base 12, what is 1 - -5b?
60
In base 12, what is -4 - 1a1?
-1a5
In base 7, what is 3 + -1041?
-1035
In base 15, what is 73 + 0?
73
In base 7, what is 5 + -22?
-14
In base 2, what is -10001101 - -10?
-10001011
In base 3, what is 12 - -20001?
20020
In base 13, what is 4 + 11bc?
11c3
In base 8, what is -3 + 7?
4
In base 9, what is -668 + -2?
-671
In base 8, what is -14 - 1?
-15
In base 16, what is -5 - -6c9?
6c4
In base 13, what is -4 - -600?
5c9
In base 10, what is 0 - -280?
280
In base 8, what is 12 + -14?
-2
In base 12, what is a - -5b?
69
In base 12, what is -26 + 5?
-21
In base 5, what is -241131 + 0?
-241131
In base 9, what is 355 + 26?
382
In base 12, what is 60a - 9?
601
In base 4, what is 1222 + -1102?
120
In base 2, what is 0 + -1101101?
-1101101
In base 3, what is -22 - -210220?
210121
In base 6, what is -25202 + -1?
-25203
In base 12, what is -24 - -13?
-11
In base 10, what is -1307 - 5?
-1312
In base 6, what is -1502 - -3?
-1455
In base 3, what is 222 + -22120?
-21121
In base 10, what is 2 - 8?
-6
In base 6, what is -132 - 1?
-133
In base 5, what is 313 - -10?
323
In base 12, what is -2 + 39aa?
39a8
In base 15, what is -48 - -d?
-3a
In base 7, what is -2 - -13?
11
In base 16, what is 19 - -3?
1c
In base 7, what is 4 + -263?
-256
In base 13, what is 3 + -804?
-801
In base 12, what is -6 - 216?
-220
In base 11, what is 17 - 0?
17
In base 5, what is -240 + 4?
-231
In base 16, what is 13 - 24?
-11
In base 8, what is 1 + -615?
-614
In base 15, what is 4 - d22?
-d1d
In base 16, what is -2 + -82?
-84
In base 3, what is 101 + -22?
2
In base 4, what is -11 + 30032?
30021
In base 16, what is -2fe + -2?
-300
In base 15, what is -3160 - 1?
-3161
In base 6, what is 1 - -255?
300
In base 4, what is -303 + -232?
-1201
In base 2, what is 1001001 - 0?
1001001
In base 9, what is 31 + -4?
26
In base 15, what is -5 + -7?
-c
In base 8, what is 5 + 26?
33
In base 13, what is -530c + -5?
-5314
In base 5, what is -10214 + -1?
-10220
In base 5, what is -10 - 3044?
-3104
In base 6, what is -415 + 20?
-355
In base 13, what is 1 - -93?
94
In base 16, what is 44 + -5?
3f
In base 11, what is -1 - -224?
223
In base 13, what is 0 + 38?
38
In base 5, what is 322 - -13?
340
In base 6, what is 113 + 21?
134
In base 5, what is -3 - 34?
-42
In base 2, what is -111111 - -101100?
-10011
In base 8, what is -3 - 10?
-13
In base 9, what is -2782 - -4?
-2777
In base 10, what is 552 + -4?
548
In base 7, what is 4 - -123?
130
In base 5, what is 21 - -10244?
10320
In base 8, what is 0 - 31?
-31
In base 7, what is 2 + -14?
-12
In base 11, what is 3 + -80?
-78
In base 4, what is -12021 + -2?
-12023
In base 5, what is 11 - 211?
-200
In base 3, what is 11022 + 122?
11221
In base 5, what is 0 - -210?
210
In base 16, what is -d3 + 71?
-62
In base 15, what is 0 + -36?
-36
In base 7, what is -200 - 5?
-205
In base 12, what is 107 - 5?
102
In base 5, what is 12 + -2?
10
In base 12, what is 2 - -9?
b
In base 13, what is 5 - -35?
3a
In base 12, what is 4 + 31?
35
In base 3, what is 110002 - -10?
110012
In base 3, what is -1002012 + 10?
-1002002
In base 5, what is 134421 - 0?
134421
In base 6, what is 203 + 22?
225
In base 16, what is -2 - 8a6?
-8a8
In base 5, what is -403033 + -2?
-403040
In base 11, what is 5 + -210?
-206
In base 14, what is -13 + 3?
-10
In base 6, what is 14 - 5?
5
In base 2, what is -111101100 + 100?
-111101000
In base 3, what is -10 - 10201?
-10211
In base 6, what is 4 + 0?
4
In base 10, what is -4 + 82?
78
In base 3, what is -1210 - 11102?
-20012
In base 12, what is -3280 + -3?
-3283
In base 3, what is -12 - 22?
-111
In base 8, what is 30 + 23?
53
In base 6, what is -5 + 102?
53
In base 14, what is 4a + 278?
2c4
In base 2, what is 1010 + 101110?
111000
In base 6, what is -11324 - -2?
-11322
In base 2, what is 10011000100 + 0?
10011000100
In base 8, what is 1277 + 1?
1300
In base 4, what is 2231 + 2?
2233
In base 15, what is -7 - 13?
-1a
In base 16, what is -5 + -8?
-d
In base 5, what is 10 + 1412?
1422
In base 9, what is 1115 + -2?
1113
In base 6, what is 200 - 0?
200
In base 15, what is 0 - -792?
792
In base 3, what is 12 + -20212?
-20200
In base 16, what is 0 - 12?
-12
In base 4, what is 10012 - -32?
10110
In base 8, what is -5 + -16?
-23
In base 11, what is a + -4?
6
In base 8, what is -1516 - 6?
-1524
In base 15, what is 152 + -4?
14d
In base 16, what is -1e + 5?
-19
In base 15, what is -6 + 1a4?
19d
In base 6, what is 415 + 12?
431
In base 6, what is 444 + 3?
451
In base 4, what is -10 + 2010?
2000
In base 16, what is 1 - a?
-9
In base 14, what is 1 + 4c?
4d
In base 16, what is 6 + a5?
ab
In base 5, what is 221000 - 1?
220444
In base 3, what is -12 + 110?
21
In base 9, what is -1 - 364?
-365
In base 15, what is -99 - -4?
-95
In base 15, what is -50 + 0?
-50
In base 15, what is -7 - 2?
-9
In base 14, what is -3 - 0?
-3
I